{"id":80,"date":"2024-06-07T04:09:27","date_gmt":"2024-06-07T04:09:27","guid":{"rendered":"https:\/\/elmensajebautista.com\/?page_id=80"},"modified":"2024-06-11T23:33:07","modified_gmt":"2024-06-11T23:33:07","slug":"distintivos-bautistas","status":"publish","type":"page","link":"https:\/\/elmensajebautista.com\/?page_id=80","title":{"rendered":"\u00bfDe d\u00f3nde vienen los Bautistas?"},"content":{"rendered":"<h1 style=\"text-align: center;\"><span style=\"color: #993300;\"><strong>El Origen de la Iglesia Neotestamentaria<\/strong><\/span><\/h1>\n<h2><span style=\"color: #993300;\">La iglesia de Jesucristo<\/span><\/h2>\n<p>El sustantivo \u00ab<strong>iglesia<\/strong>\u00ab, es una transliteraci\u00f3n del t\u00e9rmino griego \u00ab<strong>\u1f10\u03ba\u03ba\u03bb\u03b7\u03c3\u03af\u03b1<\/strong>\u00bb [ekkles\u00eda]\u00bb, que significa \u00abasamblea\u00bb, en referencia a la Asamblea de los ciudadanos convocados en reuni\u00f3n. (<em>v\u00e9ase <\/em>Hch. 19:32, 39, 41). Nuestro Se\u00f1or Jesucristo prometi\u00f3 edificar\u00a0<strong>SU <\/strong>iglesia, en Mateo 16:18, y prometi\u00f3 que \u00abla muerte no prevalecer\u00eda contra ella\u00bb, es decir, que ser\u00eda de car\u00e1cter perpetuo. Observamos que el t\u00e9rmino \u00abedificar\u00e9\u00bb est\u00e1 en futuro, y se refiere a la edificaci\u00f3n de la iglesia como instituci\u00f3n, pues, durante todo este per\u00edodo la iglesia, como instituci\u00f3n, est\u00e1 siendo edificada.<\/p>\n<blockquote><p><span style=\"font-family: arial, helvetica, sans-serif;\"><strong><em>Una iglesia es una congregaci\u00f3n de creyentes bautizados, en virtud de su profesi\u00f3n de fe en Jesucristo, y que est\u00e1n asociados voluntariamente para adorar a Dios, edificar a los santos y evangelizar a los perdidos.<\/em><\/strong><\/span><\/p><\/blockquote>\n<h3><span style=\"color: #993300;\"><em>\u00bfCu\u00e1ndo empez\u00f3 la Iglesia?<\/em><\/span><\/h3>\n<p>En Marcos 3:13-14, encontramos que Jes\u00fas llam\u00f3 a los doce y los \u00abinstituy\u00f3\u00bb, un acto que el Esp\u00edritu Santo revela que se realiz\u00f3 <strong>en la iglesia.\u00a0<\/strong>Seg\u00fan 1\u00aa Corintios 12:28 y Efesios 4:11, Jes\u00fas institiy\u00f3 a los Ap\u00f3stoles dentro de la iglesia para la edificaci\u00f3n de los santos, es decir, que cuando Jes\u00fas llam\u00f3 y orden\u00f3 a los Ap\u00f3stoles, ya estaba la iglesia. Creemos que Jes\u00fas fund\u00f3 su iglesia entre Su bautismo y el llamado de los Ap\u00f3stoles, a quienes escogi\u00f3 de entre sus disc\u00edpulos (Lc. 6:13).<\/p>\n<blockquote><p><span style=\"font-family: arial, helvetica, sans-serif;\"><strong><em>Nosotros creemos que la iglesia fue fundada por Jesucristo durante su ministerio terrenal, y que prometi\u00f3 que a iglesia se multiplicar\u00eda hasta que \u00c9l viniera.<\/em><\/strong><\/span><\/p><\/blockquote>\n<p>En Hechos 1:8 se nos dice que \u00abrecibir\u00e9is poder\u00bb con la venida del Esp\u00edritu Santo, no dice que se fundar\u00eda la iglesia. No existe ninguna Escritura que diga que la\u00a0 Iglesia comenz\u00f3 en el d\u00eda de Pentecost\u00e9s. Jes\u00fas les prometi\u00f3 ser <em><strong>investidos<\/strong><\/em> (como \u00abser vestido con una prenda\u00bb), con el poder del Esp\u00edritu Santo, cuando fueran bautizados como iglesia en el Esp\u00edritu Santo (<em>cp.<\/em> Luc 24:49).<\/p>\n<blockquote><p><span style=\"font-family: arial, helvetica, sans-serif;\"><em><strong>\u00a1No dice absolutamente nada acerca del comienzo de la Iglesia porque ya estaba funcionando!<\/strong><\/em><\/span><\/p><\/blockquote>\n<h3><span style=\"color: #993300;\">Razones B\u00edblicas que demuestran que Jes\u00fas mismo fund\u00f3 la Iglesia durante Su Ministerio terrenal:<\/span><\/h3>\n<ul>\n<li>Seg\u00fan 1\u00aa Corintios 12:28, los Ap\u00f3stoles fueron colocados <em><strong>dentro\u00a0<\/strong><\/em>de la iglesia.<\/li>\n<li>Seg\u00fan Mateo 10:5-8, cuando Jes\u00fas elige a los ap\u00f3stoles, ya sus disc\u00edpulos ten\u00edan una comisi\u00f3n para evangelizar.<\/li>\n<li>Seg\u00fan Juan 4:1-2, los apost\u00f3les tuvieron autoridad divina para bautizar, porque estaban bautizados por Juan.<\/li>\n<li>Seg\u00fan Mateo 18:15-17,\u00a0 los disc\u00edpulos recibieron un reglamento acerca de la disciplina en la iglesia, conocido como \u00abEl Debido Proceso\u00bb.<\/li>\n<li>Seg\u00fan Lucas 22:17-20, los ap\u00f3stoles recibieron la instituci\u00f3n de la Cena del Se\u00f1or. Durante esta reuni\u00f3n de la cena, se cumple la profec\u00eda sobre la iglesia, que se encuentra en el Salmo 22:22, el cual, comparado con Hebreos 2:12 y Mateo 26:30, Jes\u00fas cant\u00f3 himnos en medio de la Iglesia.<\/li>\n<\/ul>\n<blockquote><p><span style=\"font-family: arial, helvetica, sans-serif;\">Interpretaci\u00f3n: La profec\u00eda de Salmo 22:22 se aplica a Cristo en Hebreos 2:12 donde dice literalmente: \u00abAnunciar\u00e9 tu nombre a mis hermanos, en medio de la iglesia cantar\u00e9 tu alabanza\u00bb (VM). Esto es interesante porque en Mateo 26:30 se emplea el mismo verbo (gr. <em>humneo<\/em>) \u00ab\u2026hubieron cantado el himno\u00bb. El verbo <em><strong>humneo<\/strong> <\/em>significa \u00abcantar himnos\u00bb, \u00abcantar alabanzas\u00bb; \u00abcantar los himnos de Pascua\u00bb, que son los Salmos 113-118. Mateo dio el cumplimiento de la profec\u00eda que Cristo cantar\u00eda himnos en medio de la Iglesia.<\/span><\/p><\/blockquote>\n<ul>\n<li>En Hechos 1:13-15, se deja claro que exist\u00eda una lista de los miembros de la iglesia, y en 1\u00aa Corintios 15:6, se menciona que Jes\u00fas, despu\u00e9s de resucitar, se le apareci\u00f3 a una congregaci\u00f3n de 500 hermanos. \u00a1La iglesia de Jerusal\u00e9n, fundada por Cristo, era una iglesia de m\u00e1s de 500 hermanos!<\/li>\n<li>En Hechos 1:15-26, la iglesia celebr\u00f3 una reuni\u00f3n de negocios para elegir a un sucesor a Judas.<\/li>\n<li>En Hechos 2:41, 47, los nuevos convertidos en el d\u00eda de Pentecost\u00e9s no <em>constituyeron<\/em> la iglesia, sino que <em><strong>fueron a\u00f1adidos<\/strong> <\/em>a ella.<\/li>\n<li>En Mateo 28:18-20, la Gran Comisi\u00f3n es dada a los 11 Ap\u00f3stoles (Mateo 28:16), como los que son autoridad doctrinal de fundamento de las iglesias (Efe. 2:20), pero es obvio que estaban presentes todos los miembros de la iglesia en ese momento (Lc. 24:36-53), por lo que es una Comisi\u00f3n para la iglesia, de otro modo hubiera perdido su vigencia con la muerte de los ap\u00f3stoles si les fuera dada como a individuos.<\/li>\n<\/ul>\n<h3><span style=\"color: #993300;\"><em><strong>El Desarrollo de la Iglesia<\/strong><\/em><\/span><\/h3>\n<p>Este es un bosquejo corto de c\u00f3mo se desarroll\u00f3 la iglesia de Cristo:<\/p>\n<ol>\n<li>La Iglesia de Jerusal\u00e9n: (Hechos 1-8). Tiempo de evangelizaci\u00f3n y edificaci\u00f3n.<\/li>\n<li>La Iglesia de Antioqu\u00eda: (Hechos 9-28). La conversi\u00f3n de Saulo y su llamamiento desde la Iglesia de Antioqu\u00eda ser\u00eda la revoluci\u00f3n que trastornara el mundo entero.<\/li>\n<li>La autoridad divina pas\u00f3 de Jesucristo a los ap\u00f3stoles, y de los ap\u00f3stoles a sus escritos que llegar\u00edan a formar el canon del Nuevo Testamento. (2\u00aa Pedro 3:15-16; 2\u00aa Timoteo 3:16).<\/li>\n<\/ol>\n<p style=\"text-align: center;\"><a href=\"https:\/\/elmensajebautista.com\/?page_id=67\">\u21d0Distintivos Bautistas<\/a> \u00a0 \u00a0 <a href=\"https:\/\/elmensajebautista.com\/?page_id=101\"><span style=\"color: #0000ff;\"><em><strong>\u21d2 Cristianismo Pagano<\/strong><\/em><\/span><\/a><\/p>\n","protected":false},"excerpt":{"rendered":"<p>El Origen de la Iglesia Neotestamentaria La iglesia de Jesucristo El sustantivo \u00abiglesia\u00ab, es una transliteraci\u00f3n del t\u00e9rmino griego \u00ab\u1f10\u03ba\u03ba\u03bb\u03b7\u03c3\u03af\u03b1\u00bb [ekkles\u00eda]\u00bb, que significa \u00abasamblea\u00bb, en referencia a la Asamblea de los ciudadanos convocados en reuni\u00f3n. (v\u00e9ase Hch. 19:32, 39, 41). Nuestro Se\u00f1or Jesucristo prometi\u00f3 edificar\u00a0SU iglesia, en Mateo 16:18, y prometi\u00f3 que \u00abla muerte no [&hellip;]<\/p>\n","protected":false},"author":1,"featured_media":0,"parent":67,"menu_order":0,"comment_status":"closed","ping_status":"closed","template":"","meta":{"footnotes":""},"class_list":["post-80","page","type-page","status-publish","hentry"],"_links":{"self":[{"href":"https:\/\/elmensajebautista.com\/index.php?rest_route=\/wp\/v2\/pages\/80","targetHints":{"allow":["GET"]}}],"collection":[{"href":"https:\/\/elmensajebautista.com\/index.php?rest_route=\/wp\/v2\/pages"}],"about":[{"href":"https:\/\/elmensajebautista.com\/index.php?rest_route=\/wp\/v2\/types\/page"}],"author":[{"embeddable":true,"href":"https:\/\/elmensajebautista.com\/index.php?rest_route=\/wp\/v2\/users\/1"}],"replies":[{"embeddable":true,"href":"https:\/\/elmensajebautista.com\/index.php?rest_route=%2Fwp%2Fv2%2Fcomments&post=80"}],"version-history":[{"count":12,"href":"https:\/\/elmensajebautista.com\/index.php?rest_route=\/wp\/v2\/pages\/80\/revisions"}],"predecessor-version":[{"id":177,"href":"https:\/\/elmensajebautista.com\/index.php?rest_route=\/wp\/v2\/pages\/80\/revisions\/177"}],"up":[{"embeddable":true,"href":"https:\/\/elmensajebautista.com\/index.php?rest_route=\/wp\/v2\/pages\/67"}],"wp:attachment":[{"href":"https:\/\/elmensajebautista.com\/index.php?rest_route=%2Fwp%2Fv2%2Fmedia&parent=80"}],"curies":[{"name":"wp","href":"https:\/\/api.w.org\/{rel}","templated":true}]}}