{"id":129,"date":"2024-06-11T02:34:21","date_gmt":"2024-06-11T02:34:21","guid":{"rendered":"https:\/\/elmensajebautista.com\/?page_id=129"},"modified":"2026-03-31T00:44:37","modified_gmt":"2026-03-31T00:44:37","slug":"libros-del-pastor","status":"publish","type":"page","link":"https:\/\/elmensajebautista.com\/?page_id=129","title":{"rendered":"Libros del Pastor"},"content":{"rendered":"\r\n<div class=\"wp-block-columns alignwide is-layout-flex wp-container-core-columns-is-layout-28f84493 wp-block-columns-is-layout-flex\">\r\n<div class=\"wp-block-column is-layout-flow wp-block-column-is-layout-flow\" style=\"flex-basis: 100%;\"> El pastor Dr. Carlos Machado ha escrito varios libros de doctrina con el fin de que sean ense\u00f1ados en las Escuelas Dominicales de Adultos, en las diferentes misiones y en las peque\u00f1as iglesias. No solo tiene un objetivo de ense\u00f1anza de Escuela Dominical, sino que incluyen un contenido doctrinal Bautista que transformar\u00e1 su Escuela Dominical en un peque\u00f1o Instituto B\u00edblico. Para adquirirlos, favor comunicarse al correo <a href=\"mailto:landmarkcostarica@gmail.com\">landmarkcostarica@gmail.com<\/a>\r\n<table class=\"aligncenter\" style=\"width: 100%; border-collapse: collapse;\" border=\"0\">\r\n<tbody>\r\n<tr>\r\n<td style=\"width: 25%;\"><img loading=\"lazy\" decoding=\"async\" class=\"size-medium wp-image-130 aligncenter\" src=\"https:\/\/elmensajebautista.com\/wp-content\/uploads\/2024\/06\/Doctrina-del-Espiritu-Santo-233x300.png\" alt=\"\" width=\"233\" height=\"300\" srcset=\"https:\/\/elmensajebautista.com\/wp-content\/uploads\/2024\/06\/Doctrina-del-Espiritu-Santo-233x300.png 233w, https:\/\/elmensajebautista.com\/wp-content\/uploads\/2024\/06\/Doctrina-del-Espiritu-Santo-796x1024.png 796w, https:\/\/elmensajebautista.com\/wp-content\/uploads\/2024\/06\/Doctrina-del-Espiritu-Santo-768x988.png 768w, https:\/\/elmensajebautista.com\/wp-content\/uploads\/2024\/06\/Doctrina-del-Espiritu-Santo-1194x1536.png 1194w, https:\/\/elmensajebautista.com\/wp-content\/uploads\/2024\/06\/Doctrina-del-Espiritu-Santo-1593x2048.png 1593w\" sizes=\"auto, (max-width: 233px) 100vw, 233px\" \/><\/td>\r\n<td style=\"width: 25%;\"><img loading=\"lazy\" decoding=\"async\" class=\" wp-image-131 aligncenter\" src=\"https:\/\/elmensajebautista.com\/wp-content\/uploads\/2024\/06\/Vida-en-el-Espiritu-233x300.png\" alt=\"\" width=\"206\" height=\"265\" srcset=\"https:\/\/elmensajebautista.com\/wp-content\/uploads\/2024\/06\/Vida-en-el-Espiritu-233x300.png 233w, https:\/\/elmensajebautista.com\/wp-content\/uploads\/2024\/06\/Vida-en-el-Espiritu-795x1024.png 795w, https:\/\/elmensajebautista.com\/wp-content\/uploads\/2024\/06\/Vida-en-el-Espiritu-768x989.png 768w, https:\/\/elmensajebautista.com\/wp-content\/uploads\/2024\/06\/Vida-en-el-Espiritu-1192x1536.png 1192w, https:\/\/elmensajebautista.com\/wp-content\/uploads\/2024\/06\/Vida-en-el-Espiritu-1590x2048.png 1590w\" sizes=\"auto, (max-width: 206px) 100vw, 206px\" \/> \u00a0<\/td>\r\n<td style=\"width: 25%;\"><img loading=\"lazy\" decoding=\"async\" class=\"alignnone size-medium wp-image-134 aligncenter\" src=\"https:\/\/elmensajebautista.com\/wp-content\/uploads\/2024\/06\/Portada1-225x300.jpg\" alt=\"\" width=\"225\" height=\"300\" srcset=\"https:\/\/elmensajebautista.com\/wp-content\/uploads\/2024\/06\/Portada1-225x300.jpg 225w, https:\/\/elmensajebautista.com\/wp-content\/uploads\/2024\/06\/Portada1-768x1024.jpg 768w, https:\/\/elmensajebautista.com\/wp-content\/uploads\/2024\/06\/Portada1.jpg 1125w\" sizes=\"auto, (max-width: 225px) 100vw, 225px\" \/><\/td>\r\n<td style=\"width: 25%;\"><img loading=\"lazy\" decoding=\"async\" class=\"size-medium wp-image-138 aligncenter\" src=\"https:\/\/elmensajebautista.com\/wp-content\/uploads\/2024\/06\/Perdon-225x300.png\" alt=\"\" width=\"225\" height=\"300\" srcset=\"https:\/\/elmensajebautista.com\/wp-content\/uploads\/2024\/06\/Perdon-225x300.png 225w, https:\/\/elmensajebautista.com\/wp-content\/uploads\/2024\/06\/Perdon-768x1024.png 768w, https:\/\/elmensajebautista.com\/wp-content\/uploads\/2024\/06\/Perdon.png 1125w\" sizes=\"auto, (max-width: 225px) 100vw, 225px\" \/><\/td>\r\n<\/tr>\r\n<tr>\r\n<td style=\"width: 25%;\">\r\n<p style=\"padding-left: 40px;\">Las doctrinas b\u00edblicas sobre la Persona del Esp\u00edritu Santo. Algunos temas que trata:<\/p>\r\n<ol>\r\n<li style=\"list-style-type: none;\">\r\n<ol>\r\n<li>La persona del Esp\u00edritu Santo.<\/li>\r\n<li>La Obra del Esp\u00edritu Santo.<\/li>\r\n<li>El Bautismo del Esp\u00edritu Santo.<\/li>\r\n<li>La Recepci\u00f3n del Esp\u00edritu Santo.<\/li>\r\n<li>La Plenitud del Esp\u00edritu Santo.<\/li>\r\n<li>El Bautismo del Esp\u00edritu Santo, \u00bfqu\u00e9 es?<\/li>\r\n<li>Los Dones del Esp\u00edritu Santo.<\/li>\r\n<li>Ejerciendo el Don del Esp\u00edritu Santo.<\/li>\r\n<li>El Don de Lenguas.<\/li>\r\n<li>El Don de Profec\u00eda.<\/li>\r\n<li>El Don de Sanidad.<\/li>\r\n<li>El Esp\u00edritu Santo en Juan.<\/li>\r\n<li>El Esp\u00edritu Santo en Hechos.<\/li>\r\n<\/ol>\r\n<\/li>\r\n<\/ol>\r\n\u00a0<\/td>\r\n<td style=\"width: 25%; padding-left: 40px; vertical-align: top;\">La Doctrina B\u00edblica de la vida Espiritual del creyente como individuo. La Vida en el Esp\u00edritu trata los siguientes temas: <span class=\"fontstyle0\">1. La Biblia 2. \u00bfQu\u00e9 es la Espiritualidad? 3. Los Tres Tipos de Personas 4. Nuestra Relaci\u00f3n con Dios 5. La Confesi\u00f3n de Pecados y el Perd\u00f3n 6. La Batalla del Creyente 7. La Provisi\u00f3n Divina para el Creyente 8. Venciendo la Tentaci\u00f3n 9. Lo que Debo Hacer Ante el Fracaso 10. El Prop\u00f3sito de las pruebas 11. La Lucha contra la Carne 12. La Vida de Oraci\u00f3n del Creyente 13. Conociendo la Voluntad de Dios Apendice Los Libros de la Biblia<\/span><\/td>\r\n<td style=\"width: 25%; vertical-align: top;\">\r\n<p style=\"padding-left: 40px;\">La Doctrina B\u00edblica sobre los \u00e1ngeles y demonios, su actuar, su naturaleza y su verdadera condici\u00f3n seg\u00fan las Escrituras.<\/p>\r\n<ol>\r\n<li>Creaci\u00f3n de los \u00e1ngeles<\/li>\r\n<li>\u00c1ngeles Guardianes<\/li>\r\n<li>La Moral Angelical<\/li>\r\n<li>La Naturaleza de los Demonios<\/li>\r\n<li>El \u00c1ngel de Jehov\u00e1<\/li>\r\n<li>La Posesi\u00f3n Demon\u00edaca<\/li>\r\n<li>Los Demonios y la Magia<\/li>\r\n<li>\u00bfPueden los \u00c1ngeles Procrear?<\/li>\r\n<li>Satan\u00e1s est\u00e1 vivo y activo<\/li>\r\n<li>La Ca\u00edda de Satan\u00e1s<\/li>\r\n<li>La Guerra Espiritual<\/li>\r\n<li>Los Demonios y la Nigromancia<\/li>\r\n<li>La Influencia Demon\u00edaca Bibliograf\u00eda<\/li>\r\n<\/ol>\r\n<\/td>\r\n<td style=\"width: 25%; vertical-align: top;\">La Doctrina B\u00edblica del Perd\u00f3n, enfocado desde la perspectiva legal, que es el concepto embrionario del concepto del perd\u00f3n. Desde la perspectiva literal de la Escritura, el perd\u00f3n es un deber cristiano, y un acto judicial delante del Juez de toda la tierra.\r\n<ol>\r\n<li>La Necesidad del Perd\u00f3n.<\/li>\r\n<li>C\u00f3mo Ofrece y Da Dios Perd\u00f3n<\/li>\r\n<li>El Plan de Dios para Reconciliar a sus Hijos<\/li>\r\n<li>El Perd\u00f3n Judicial Repetido<\/li>\r\n<li>El Perd\u00f3n Vertical y el Perd\u00f3n Horizontal entre Creyentes I<\/li>\r\n<li>El Perd\u00f3n Vertical y el Perd\u00f3n Horizontal entre Creyentes II<\/li>\r\n<li>El Perd\u00f3n no es una emoci\u00f3n<\/li>\r\n<li>Cuando los Sentimientos Niegan los Hechos<\/li>\r\n<\/ol>\r\n<\/td>\r\n<\/tr>\r\n<tr>\r\n<td style=\"width: 25%;\"><img loading=\"lazy\" decoding=\"async\" class=\"size-medium wp-image-142 aligncenter\" src=\"https:\/\/elmensajebautista.com\/wp-content\/uploads\/2024\/06\/El-Servicio-segun-Dios-194x300.png\" alt=\"\" width=\"194\" height=\"300\" srcset=\"https:\/\/elmensajebautista.com\/wp-content\/uploads\/2024\/06\/El-Servicio-segun-Dios-194x300.png 194w, https:\/\/elmensajebautista.com\/wp-content\/uploads\/2024\/06\/El-Servicio-segun-Dios-663x1024.png 663w, https:\/\/elmensajebautista.com\/wp-content\/uploads\/2024\/06\/El-Servicio-segun-Dios-768x1187.png 768w, https:\/\/elmensajebautista.com\/wp-content\/uploads\/2024\/06\/El-Servicio-segun-Dios-994x1536.png 994w, https:\/\/elmensajebautista.com\/wp-content\/uploads\/2024\/06\/El-Servicio-segun-Dios-1325x2048.png 1325w, https:\/\/elmensajebautista.com\/wp-content\/uploads\/2024\/06\/El-Servicio-segun-Dios.png 1604w\" sizes=\"auto, (max-width: 194px) 100vw, 194px\" \/>\r\n<p style=\"padding-left: 40px;\">\u00a0<\/p>\r\n<\/td>\r\n<td style=\"width: 25%; padding-left: 40px;\"><img loading=\"lazy\" decoding=\"async\" class=\"alignnone size-medium wp-image-147\" src=\"https:\/\/elmensajebautista.com\/wp-content\/uploads\/2024\/06\/doctrina-de-la-iglesia-232x300.png\" alt=\"\" width=\"232\" height=\"300\" srcset=\"https:\/\/elmensajebautista.com\/wp-content\/uploads\/2024\/06\/doctrina-de-la-iglesia-232x300.png 232w, https:\/\/elmensajebautista.com\/wp-content\/uploads\/2024\/06\/doctrina-de-la-iglesia-791x1024.png 791w, https:\/\/elmensajebautista.com\/wp-content\/uploads\/2024\/06\/doctrina-de-la-iglesia-768x994.png 768w, https:\/\/elmensajebautista.com\/wp-content\/uploads\/2024\/06\/doctrina-de-la-iglesia-1187x1536.png 1187w, https:\/\/elmensajebautista.com\/wp-content\/uploads\/2024\/06\/doctrina-de-la-iglesia-1582x2048.png 1582w, https:\/\/elmensajebautista.com\/wp-content\/uploads\/2024\/06\/doctrina-de-la-iglesia.png 1604w\" sizes=\"auto, (max-width: 232px) 100vw, 232px\" \/><\/td>\r\n<td style=\"width: 25%;\"><img loading=\"lazy\" decoding=\"async\" class=\"size-medium wp-image-149 aligncenter\" src=\"https:\/\/elmensajebautista.com\/wp-content\/uploads\/2024\/06\/La-Gran-Secta-Protestante-228x300.png\" alt=\"\" width=\"228\" height=\"300\" srcset=\"https:\/\/elmensajebautista.com\/wp-content\/uploads\/2024\/06\/La-Gran-Secta-Protestante-228x300.png 228w, https:\/\/elmensajebautista.com\/wp-content\/uploads\/2024\/06\/La-Gran-Secta-Protestante.png 569w\" sizes=\"auto, (max-width: 228px) 100vw, 228px\" \/><\/td>\r\n<td style=\"width: 25%;\"><img loading=\"lazy\" decoding=\"async\" class=\"alignnone size-medium wp-image-150\" src=\"https:\/\/elmensajebautista.com\/wp-content\/uploads\/2024\/06\/Panorama-Escatologico-232x300.png\" alt=\"\" width=\"232\" height=\"300\" srcset=\"https:\/\/elmensajebautista.com\/wp-content\/uploads\/2024\/06\/Panorama-Escatologico-232x300.png 232w, https:\/\/elmensajebautista.com\/wp-content\/uploads\/2024\/06\/Panorama-Escatologico-791x1024.png 791w, https:\/\/elmensajebautista.com\/wp-content\/uploads\/2024\/06\/Panorama-Escatologico-768x994.png 768w, https:\/\/elmensajebautista.com\/wp-content\/uploads\/2024\/06\/Panorama-Escatologico-1187x1536.png 1187w, https:\/\/elmensajebautista.com\/wp-content\/uploads\/2024\/06\/Panorama-Escatologico-1582x2048.png 1582w, https:\/\/elmensajebautista.com\/wp-content\/uploads\/2024\/06\/Panorama-Escatologico.png 1604w\" sizes=\"auto, (max-width: 232px) 100vw, 232px\" \/><\/td>\r\n<\/tr>\r\n<tr>\r\n<td style=\"width: 25%;\">El Servicio Seg\u00fan Dios, es el Servicio Seg\u00fan el\u00a0Nuevo Testamento. Un estudio a conciencia de las doctrinas b\u00e1sicas de la Fe y de los ministerios b\u00edblicos para servir al Se\u00f1or en las Iglesias Bautistas. <strong>Un Libro para la Capacitaci\u00f3n de Di\u00e1conos, Ujieres y Servidores.<\/strong> <em><strong>Primera Parte<\/strong><\/em>\r\n<ol>\r\n<li>La Salvaci\u00f3n<\/li>\r\n<li><span style=\"font-family: inherit; font-size: inherit;\">La Oraci\u00f3n Cristiana <\/span><\/li>\r\n<li>La Palabra de Dios<\/li>\r\n<li>Dividiendo la Escritura<\/li>\r\n<li>La Persona de Jesucristo<\/li>\r\n<li>La Iglesia<\/li>\r\n<li>El Prop\u00f3sito de la Iglesia<\/li>\r\n<li>Las Ordenanzas: El Bautismo<\/li>\r\n<li>Las Ordenanzas: La Cena del Se\u00f1or.<\/li>\r\n<\/ol>\r\n<em><strong>Segunda Parte<\/strong><\/em>\r\n<ol>\r\n<li>Definici\u00f3n de T\u00e9rminos<\/li>\r\n<li>El Pastor<\/li>\r\n<li>Los Di\u00e1conos<\/li>\r\n<li>Los Grupos Directivos<\/li>\r\n<\/ol>\r\n<p><em><strong>Ap\u00e9ndices<\/strong><\/em><\/p>\r\n<p>Ap\u00e9ndice 1: Dispensacionalismo<\/p>\r\n<p>Ap\u00e9ndice 2: La Doctrina de la Iglesia<\/p>\r\n<p>Ap\u00e9ndice 3: Los Di\u00e1conos en 1\u00aa Timoteo \u00a0 \u00a0<\/p>\r\n<\/td>\r\n<td style=\"width: 25%; padding-left: 40px; vertical-align: top;\">LAs Doctrinas B\u00edblicas sobre la Iglesia de Jesucristo\r\n<ol>\r\n<li>La Primera Iglesia<\/li>\r\n<li>La Naturaleza de la Iglesia<\/li>\r\n<li>La Iglesia de Jerusal\u00e9n<\/li>\r\n<li>El Cuerpo de Cristo<\/li>\r\n<li>Iglesia Soberana<\/li>\r\n<li>Las Ordenanzas<\/li>\r\n<li>Los Oficiales<\/li>\r\n<li>Prop\u00f3sitos de la Iglesia<\/li>\r\n<li>La Perpetuidad de la Iglesia<\/li>\r\n<li>Iglesia Disciplinada<\/li>\r\n<li>Encargo de la Iglesia<\/li>\r\n<li>Membres\u00eda de la iglesia<\/li>\r\n<li>El Triunfo de la Iglesia<\/li>\r\n<\/ol>\r\n<\/td>\r\n<td style=\"width: 25%; vertical-align: top; padding-left: 40px;\">La Gran Secta Protestante es un estudio sobre la falsedad del NeoCalvinismo, la neoortodoxia protestante. Es un recorrido hist\u00f3rico y teol\u00f3gico de las doctrinas protestantes reformadas del Calvinismo y el Arminianismo. Los Bautistas No Son Cat\u00f3licos ni Reformados. \u00a0<\/td>\r\n<td style=\"width: 25%; vertical-align: top;\">\r\n<p style=\"padding-left: 40px;\">Un Panorama de la Escatolog\u00eda desde una perspectiva gramatical y literal. Una ense\u00f1anza prof\u00e9tica bautista sobre las \u00faltimas cosas.<\/p>\r\n<ol>\r\n<li>Proleg\u00f3menos<\/li>\r\n<li>Entendiendo las Dispensaciones<\/li>\r\n<li>Las Posiciones<\/li>\r\n<li>ispensacionalistas<\/li>\r\n<li>\u00bfQu\u00e9 son los Pactos y por qu\u00e9 son Importantes?<\/li>\r\n<li>Profec\u00edas Acerca de la Dispensaci\u00f3n de Gracia<\/li>\r\n<li>Las Cartas a las Iglesias<\/li>\r\n<li>El Rapto de los Santos<\/li>\r\n<li>La Gran Congregaci\u00f3n de los Santos<\/li>\r\n<li>La Semana 70 de Daniel<\/li>\r\n<li>La Dispensaci\u00f3n de Juicio o Tribulaci\u00f3n<\/li>\r\n<li>Las Profec\u00edas Concernientes a la Gran Tribulaci\u00f3n<\/li>\r\n<li>La Gran Tribulaci\u00f3n<\/li>\r\n<li>El Anticristo<\/li>\r\n<li>LAs Resurrecciones<\/li>\r\n<li>Los Juicios<\/li>\r\n<li>El Reino Milenario<\/li>\r\n<li>Los Cielos Nuevos y la Tierra Nueva<\/li>\r\n<\/ol>\r\n<\/td>\r\n<\/tr>\r\n<tr>\r\n<td style=\"width: 25%;\"><img loading=\"lazy\" decoding=\"async\" class=\"size-medium wp-image-539 aligncenter\" src=\"https:\/\/elmensajebautista.com\/wp-content\/uploads\/2026\/01\/Doctrina-Bautista-212x300.png\" alt=\"\" width=\"212\" height=\"300\" srcset=\"https:\/\/elmensajebautista.com\/wp-content\/uploads\/2026\/01\/Doctrina-Bautista-212x300.png 212w, https:\/\/elmensajebautista.com\/wp-content\/uploads\/2026\/01\/Doctrina-Bautista-724x1024.png 724w, https:\/\/elmensajebautista.com\/wp-content\/uploads\/2026\/01\/Doctrina-Bautista-768x1086.png 768w, https:\/\/elmensajebautista.com\/wp-content\/uploads\/2026\/01\/Doctrina-Bautista-1086x1536.png 1086w, https:\/\/elmensajebautista.com\/wp-content\/uploads\/2026\/01\/Doctrina-Bautista-1448x2048.png 1448w, https:\/\/elmensajebautista.com\/wp-content\/uploads\/2026\/01\/Doctrina-Bautista-scaled.png 1810w\" sizes=\"auto, (max-width: 212px) 100vw, 212px\" \/><\/td>\r\n<td style=\"width: 25%; padding-left: 40px; vertical-align: top;\">\u00a0<\/td>\r\n<td style=\"width: 25%; vertical-align: top; padding-left: 40px;\">\u00a0<\/td>\r\n<td style=\"width: 25%; vertical-align: top;\">\r\n<p style=\"padding-left: 40px;\">\u00a0<\/p>\r\n<\/td>\r\n<\/tr>\r\n<tr>\r\n<td style=\"width: 25%;\">Lecci\u00f3n 1. Introducci\u00f3n las doctrinas de la Biblia\u00a0<br \/>Lecci\u00f3n 2. Bibliolog\u00eda: La Doctrina de la Biblia.\u00a0<br \/>Lecci\u00f3n 3. Bibliolog\u00eda: La Doctrina de la Preservaci\u00f3n.\u00a0<br \/>Lecci\u00f3n 4. Teolog\u00eda: La Doctrina de la Deidad.\u00a0<br \/>Lecci\u00f3n 5. Cristolog\u00eda: La Doctrina de Cristo.\u00a0<br \/>Lecci\u00f3n 6. Soteriolog\u00eda: La Doctrina de la Redenci\u00f3n<br \/>Lecci\u00f3n 7. Soteriolog\u00eda: La Doctrina de la Soberan\u00eda.<br \/>Lecci\u00f3n 8. Soteriolog\u00eda: La Doctrina de la Conversi\u00f3n<br \/>Lecci\u00f3n 9. Soteriolog\u00eda: La Doctrina de la Elecci\u00f3n.<br \/>Lecci\u00f3n 10. Soteriolog\u00eda: La Seguridad Eterna.\u00a0<br \/>Lecci\u00f3n 11. Eclesiolog\u00eda: La Doctrina de la iglesia.\u00a0<br \/>Lecci\u00f3n 12. Eclesiolog\u00eda: La Mayordom\u00eda Cristiana.\u00a0<br \/>Lecci\u00f3n 13. Eclesiolog\u00eda: Las Misiones Eclesi\u00e1sticas.\u00a0<\/td>\r\n<td style=\"width: 25%; padding-left: 40px; vertical-align: top;\">\u00a0<\/td>\r\n<td style=\"width: 25%; vertical-align: top; padding-left: 40px;\">\u00a0<\/td>\r\n<td style=\"width: 25%; vertical-align: top;\">\r\n<p style=\"padding-left: 40px;\">\u00a0<\/p>\r\n<\/td>\r\n<\/tr>\r\n<\/tbody>\r\n<\/table>\r\n\u00a0 <\/div>\r\n<\/div>\r\n","protected":false},"excerpt":{"rendered":"<p>El pastor Dr. Carlos Machado ha escrito varios libros de doctrina con el fin de que sean ense\u00f1ados en las Escuelas Dominicales de Adultos, en las diferentes misiones y en las peque\u00f1as iglesias. No solo tiene un objetivo de ense\u00f1anza de Escuela Dominical, sino que incluyen un contenido doctrinal Bautista que transformar\u00e1 su Escuela Dominical [&hellip;]<\/p>\n","protected":false},"author":1,"featured_media":0,"parent":152,"menu_order":0,"comment_status":"closed","ping_status":"closed","template":"","meta":{"footnotes":""},"class_list":["post-129","page","type-page","status-publish","hentry"],"_links":{"self":[{"href":"https:\/\/elmensajebautista.com\/index.php?rest_route=\/wp\/v2\/pages\/129","targetHints":{"allow":["GET"]}}],"collection":[{"href":"https:\/\/elmensajebautista.com\/index.php?rest_route=\/wp\/v2\/pages"}],"about":[{"href":"https:\/\/elmensajebautista.com\/index.php?rest_route=\/wp\/v2\/types\/page"}],"author":[{"embeddable":true,"href":"https:\/\/elmensajebautista.com\/index.php?rest_route=\/wp\/v2\/users\/1"}],"replies":[{"embeddable":true,"href":"https:\/\/elmensajebautista.com\/index.php?rest_route=%2Fwp%2Fv2%2Fcomments&post=129"}],"version-history":[{"count":16,"href":"https:\/\/elmensajebautista.com\/index.php?rest_route=\/wp\/v2\/pages\/129\/revisions"}],"predecessor-version":[{"id":135,"href":"https:\/\/elmensajebautista.com\/index.php?rest_route=\/wp\/v2\/pages\/129\/revisions\/135"}],"up":[{"embeddable":true,"href":"https:\/\/elmensajebautista.com\/index.php?rest_route=\/wp\/v2\/pages\/152"}],"wp:attachment":[{"href":"https:\/\/elmensajebautista.com\/index.php?rest_route=%2Fwp%2Fv2%2Fmedia&parent=129"}],"curies":[{"name":"wp","href":"https:\/\/api.w.org\/{rel}","templated":true}]}}